-26. What is the greatest common factor of z and f?
12
Let z(w) = 12*w**3 - w**2. Let s be z(1). What is the greatest common divisor of 88 and s?
11
Let g = 6 + -4. Suppose g*m = 3*m - 3. Suppose 0 = h - 4*h + 9, -4*y + 7 = -m*h. Calculate the greatest common divisor of 1 and y.
1
Let r = 10 - 1. Suppose -b + 21 + r = -2*t, 4 = -t. What is the highest common factor of 2 and b?
2
Suppose 4*m - m - 36 = 0. Suppose 0 = -5*f - 5*q + 555, 3*f - 3*q - 17 - 298 = 0. Calculate the highest common divisor of m and f.
12
Let x(z) = -z**3 + 13*z**2 - 2*z + 2. Let k be 4/8 - 10/4. Let q be (-15)/k*(-28)/(-35). Let i be x(q). Calculate the highest common divisor of i and 22.
22
Suppose 3*i + 3*r - 95 = -i, -41 = -i + 5*r. Suppose -3*b - 322 = -5*v - 2*b, -2*b = -4*v + 254. Calculate the greatest common divisor of v and i.
13
Suppose -24*x = -6*x - 1890. Suppose 7*a - 118 = 4*a + 2*i, 4*i = 16. Calculate the highest common divisor of x and a.
21
Let w be 2 - (-8)/(-5) - (-1299)/15. Calculate the greatest common factor of 29 and w.
29
Let m = 11 - -11. Calculate the highest common divisor of m and 55.
11
Suppose 3*h - 7 = 11. Let c(z) = -z**3 + 6*z**2 + 2*z + 4. Let y be c(h). Calculate the highest common factor of 64 and y.
16
Suppose 2*n - 4 = 2*u, 4*u - n + 26 - 6 = 0. Let s be (-18)/u*14/6. What is the greatest common factor of s and 21?
7
Let f(s) = s**2 - 16*s - 15. Let w be f(18). Calculate the greatest common factor of 3 and w.
3
Suppose 4*p - 36 = -4*g, 7*p - 3*p - 5*g - 63 = 0. Suppose 5*v = -338 - 182. Let i = 152 + v. Calculate the highest common divisor of i and p.
12
Let p(x) = 21*x**2 - x + 1. Let j(t) = 43*t**2 - 3*t + 3. Let g(u) = -2*j(u) + 5*p(u). Let v be g(2). What is the highest common factor of 7 and v?
7
Let p(b) = -b + 2. Let f be p(1). Suppose -g + f + 1 = 0. Suppose -g*k + 7*l + 57 = 2*l, 4*l = -4*k + 156. What is the highest common divisor of 9 and k?
9
Suppose 5*s - 4*t - 38 = 32, -3*s + 42 = -4*t. What is the highest common factor of 28 and s?
14
Let j = -121 - -125. What is the highest common divisor of j and 4?
4
Suppose 0*b - 5*k - 642 = -3*b, 3 = -k. Calculate the highest common factor of 19 and b.
19
Let z = 9 + 4. Suppose -z = -g + 4*p, 0 = 4*g - p - 13 - 9. Suppose 0 = 4*j - 2*w - 414, -2*w - w = -g*j + 517. What is the greatest common divisor of 13 and j?
13
Let t(j) = -12*j - 1. Let g be t(-1). What is the greatest common factor of 143 and g?
11
Let q(i) = -i**3 - 17*i**2 - 31*i. Let h be q(-15). What is the highest common divisor of h and 9?
3
Let t(b) = b + 7. Let p be t(-5). Suppose 2*z = d + 20 + 5, -p*z + 5*d + 13 = 0. Calculate the greatest common divisor of z and 14.
14
Suppose 2*g = 2*m - 2*g - 16, 2*m - 10 = -2*g. Let i(q) = -q**3 + 8*q**2 - 10*q. Let z be i(m). Calculate the greatest common factor of z and 3.
3
Let p = -13 + 22. What is the greatest common factor of 45 and p?
9
Suppose -3*p - 7 = 2*n, 3*p - 2 = -n - 4. Let f be (-6)/27 - (-166)/18. Calculate the highest common factor of p and f.
1
Suppose 34 = 2*h + 2*c, -h + 3*c = -1 - 0. What is the highest common factor of h and 26?
13
Suppose 4*p + m - 84 = 6*m, 0 = -p - 3*m + 4. What is the highest common factor of 32 and p?
16
Let s be 1248/(-10) - 9/45. Let h = -77 - s. What is the highest common factor of 120 and h?
24
Let x = -5 + 20. Calculate the greatest common factor of 120 and x.
15
Let t = -15 - -21. Let i(q) = -q**3 - 13*q**2 - 18*q + 47. Let v be i(-11). What is the greatest common divisor of t and v?
3
Suppose -50 - 13 = -3*l. Calculate the greatest common factor of 3 and l.
3
Let f(q) = q**2 + 4*q + 12. Let j be f(-8). Calculate the highest common divisor of 66 and j.
22
Let x(h) = h**3 + 7*h**2 + 10. Let y be x(-7). Suppose 5*f = y + 265. Suppose -4*p = -231 + f. Calculate the highest common divisor of 11 and p.
11
Let t = -10 + 14. Suppose 0 = 2*f + t*i - 6, -f = -6*f + 3*i + 41. Calculate the highest common divisor of 35 and f.
7
Let x = -43 - -55. Calculate the greatest common divisor of 132 and x.
12
Let y(c) = c + 1. Let n be y(1). Suppose 4*f - 5*f = k + n, 4 = -4*k - 3*f. What is the highest common factor of k and 14?
2
Let g = -39 - -49. Calculate the greatest common factor of g and 10.
10
Let v(p) = 5*p + 25. Let n be v(13). Calculate the highest common factor of 30 and n.
30
Let x(b) = -b**3 + 6*b**2 - 11. Let q be x(5). What is the highest common divisor of 126 and q?
14
Suppose -5*r + 2*p = -8, -4*r = -0*p + 5*p - 13. Suppose 0 = -j - 3*t + 129, 0 = 5*j + 4*t - r*t - 632. What is the greatest common factor of 14 and j?
14
Suppose -4*n + 18*n - 196 = 0. Let x(j) = 25*j**2 + 2*j + 2. Let a be x(-2). What is the greatest common divisor of n and a?
14
Suppose 5*q - 4*q - 6 = 0. Calculate the highest common divisor of q and 3.
3
Suppose 0 = 6*l - 1 - 17. Suppose 0 = -3*h + i + i - 47, -79 = 5*h - 4*i. Let p = h - -27. What is the highest common divisor of p and l?
3
Let b(c) = c**3 + 7*c**2 - 3*c - 5. Let i be b(-4). Calculate the greatest common divisor of 5 and i.
5
Let c(y) = -y**2 + 4*y + 4. Let k(f) = 3*f + 1. Let l be k(1). Let g be c(l). Let o be 1/g + (-108)/(-16). What is the highest common factor of 7 and o?
7
Let n = -7 + 10. Suppose 5*p + 0*d = d + 35, -n*p + 14 = -2*d. Let c = 83 + -59. What is the greatest common factor of p and c?
8
Let o be 2/8 - (-99)/4. Let y = -15 + 21. Let r be (9/y)/((-9)/(-30)). Calculate the greatest common factor of o and r.
5
Suppose -5*a - 50 = -490. Suppose 0 = -0*t + 4*t. Suppose t*c = -c + 11. What is the highest common divisor of a and c?
11
Suppose -10 = -4*a + 18. Suppose -a*u = -5*u - 10. Calculate the greatest common divisor of 1 and u.
1
Suppose 5*w + 436 = 1386. What is the greatest common factor of 10 and w?
10
Let m = -2 + 4. Let i(s) = s + 10. Let l be i(0). What is the greatest common factor of m and l?
2
Suppose 38 = h - 3*m, -8 = -2*m + 6*m. Calculate the highest common divisor of 256 and h.
32
Suppose -3*s = -10 + 4. Let v be 35 + -2 + (s - 5). What is the highest common divisor of v and 6?
6
Let f = 35 - 5. Calculate the greatest common divisor of f and 10.
10
Let p = -180 - -182. Let q(h) = h + 1. Let o be q(3). What is the highest common factor of o and p?
2
Suppose -2*v = -244 - 108. Let q(k) be the first derivative of -k**3/3 - 8*k**2 + 16*k - 4. Let j be q(-16). Calculate the greatest common divisor of j and v.
16
Let g be 16 + (0 + -2)/(-2). Suppose -3*p = -7*p - 56. Let w be (p/(-6))/((-9)/(-459)). Calculate the greatest common divisor of g and w.
17
Let f = 41 - 21. Calculate the greatest common factor of f and 5.
5
Suppose q + 11 = -t, -t = 2*q + 20 - 1. Let k = q - -11. Calculate the greatest common factor of k and 21.
3
Let f = -2 - -3. Suppose -5*r = w - 41, w - 12 = r - f. Suppose 4*n - 2*z = n + 78, 0 = -4*n - 2*z + 90. What is the highest common factor of w and n?
8
Let t(r) = r**2 + 3*r + 4. Suppose -16 + 1 = 3*d. Let k be t(d). What is the greatest common factor of 42 and k?
14
Let m(b) = 448*b**3. Let q be m(-1). Let u be q/((-4)/2) - 0. What is the highest common divisor of 28 and u?
28
Let b be 32/6*6/2. Let j be (12 - -80) + 4*1. Calculate the greatest common divisor of b and j.
16
Let f(d) = d**3 - 4*d**2 + 2*d + 4. Let m be f(7). Let z(g) = 2*g**2 - 2*g + 3. Let n be z(3). Calculate the highest common divisor of n and m.
15
Let x be 9/3 - 6*2. Let n(f) = f + 19. Let y be n(x). What is the greatest common divisor of 30 and y?
10
Let b(m) = -m + 11. Let p be b(4). Calculate the greatest common divisor of p and 77.
7
Let g = 22 + -13. Suppose -5*d = 2*w - g - 22, w - 19 = d. Suppose 3*l + 2 + 9 = -2*a, -4*a + 5*l = -33. Calculate the greatest common factor of a and w.
2
Let o = -114 + 141. What is the highest common divisor of o and 36?
9
Let w = 105 - 57. What is the greatest common factor of w and 6?
6
Suppose 123 = 7*i - 17. Calculate the greatest common factor of i and 180.
20
Suppose -b + 46 + 66 = 0. Let w(t) = t**3 + 8*t**2 + 4*t - 7. Let h be w(-7). What is the greatest common factor of h and b?
14
Let u = 48 + -25. Let y(t) = t**3 + 10*t**2 - 6*t + 9. Let w be y(-10). What is the highest common divisor of u and w?
23
Let n(u) be the third derivative of 0 - 4*u**2 + 0*u - 3/2*u**3 - 1/12*u**4. Let s be n(-12). What is the greatest common divi